{"id":9,"date":"2020-12-02T02:17:28","date_gmt":"2020-12-02T02:17:28","guid":{"rendered":"https:\/\/fgcsecurity.com\/about\/"},"modified":"2020-12-03T01:39:00","modified_gmt":"2020-12-03T01:39:00","slug":"about","status":"publish","type":"page","link":"https:\/\/www.fgcsecurity.com\/viejaweb\/about\/","title":{"rendered":"About"},"content":{"rendered":"\n\nNOSOTROS\n\n\n\n\n\n\n\n\n\n\n\n\n\n\n\n\n\nACERCA DE FGC SECURITY\n\n<p style=\"font-size: 14px\">Nos dedicamos a ayudar a peque\u00f1as y medianas empresas a evaluar su nivel de seguridad y a implementar mecanismos de seguridad para prevenir ataques. Ayudando as\u00ed a proteger y preparar a las empresas., en especial con pocos conocimientos y experiencia en TI o ciberseguridad.<\/p>\n\n\n\n\n\n\n\nPOR QU\u00c9 ELEGIRNOS\n\n<p style=\"text-align: center;font-size: 14px\">Constantemente nos estamos adaptando y preparando a los nuevos desaf\u00edos y vulnerabilidades que van surgiendo cada d\u00eda.<\/p>\n\n\n\n\n\n\n<p style=\"font-size: 14px\">Nuestros procesos se basan en calidad de servicios enfocado a lo que usted necesita proteger<\/p>\n\n\n<p style=\"font-size: 14px\">Diariamente estamos actualizando nuestros procedimientos y herramientas para adaptarnos a las nuevas amenazas y vulnerabilidades que van apareciendo<\/p>\n\n\n<p style=\"font-size: 14px\">Nuestros profesionales cuentan con amplia experiencia en diferentes tecnolog\u00edas y se encuentran certificados internacionalmente para realizar las pruebas de seguridad&nbsp;<\/p>\n\n\n\n\n<p style=\"font-size: 14px\">Contamos con expertos en diferentes \u00e1reas en ciberseguridad, gesti\u00f3n de riesgos y procesos de negocios que lo pueden asesorar a la hora de implementar soluciones.&nbsp;<\/p>\n\n\n<p style=\"font-size: 14px\">A trav\u00e9s de correo electr\u00f3nico y asistencia telef\u00f3nica.&nbsp;<\/p>\n\n\n<p style=\"font-size: 14px\">Nuestros clientes han quedado satisfechos con los trabajos.<\/p>\n\n\n\n\n\n\n\n\n\n\n\n\n\n\n\nQUE DICEN DE NOSOTROS\n\n\n\n\n\n\n\n\n\n\n\n\n<p style=\"text-align: left;font-size: 14px\">Excepteur sint occaecat cupidatat non proident, suntin culpa qui officia deserunt mollit animid est laborum.Phasellus imperdiet lacinia nulla, malesuada semper nibh sodales quis, Duis viverra ipsum dictum.<\/p>\n\n\n\n\n\n\n\n\n\n\n\n<p style=\"text-align: left;font-size: 14px\">Excepteur sint occaecat cupidatat non proident, suntin culpa qui officia deserunt mollit animid est laborum.Phasellus imperdiet lacinia nulla, malesuada semper nibh sodales quis, Duis viverra ipsum dictum.<\/p>\n\n\n\n\n\n\n\n\n\n\n\n<p style=\"text-align: left;font-size: 14px\">Excepteur sint occaecat cupidatat non proident, suntin culpa qui officia deserunt mollit animid est laborum.Phasellus imperdiet lacinia nulla, malesuada semper nibh sodales quis, Duis viverra ipsum dictum.<\/p>\n\n\n\n\n","protected":false},"excerpt":{"rendered":"","protected":false},"author":0,"featured_media":0,"parent":0,"menu_order":0,"comment_status":"closed","ping_status":"closed","template":"","meta":{"pagelayer_contact_templates":[],"_pagelayer_content":"","footnotes":""},"class_list":["post-9","page","type-page","status-publish","hentry"],"_links":{"self":[{"href":"https:\/\/www.fgcsecurity.com\/viejaweb\/wp-json\/wp\/v2\/pages\/9"}],"collection":[{"href":"https:\/\/www.fgcsecurity.com\/viejaweb\/wp-json\/wp\/v2\/pages"}],"about":[{"href":"https:\/\/www.fgcsecurity.com\/viejaweb\/wp-json\/wp\/v2\/types\/page"}],"replies":[{"embeddable":true,"href":"https:\/\/www.fgcsecurity.com\/viejaweb\/wp-json\/wp\/v2\/comments?post=9"}],"version-history":[{"count":3,"href":"https:\/\/www.fgcsecurity.com\/viejaweb\/wp-json\/wp\/v2\/pages\/9\/revisions"}],"predecessor-version":[{"id":75,"href":"https:\/\/www.fgcsecurity.com\/viejaweb\/wp-json\/wp\/v2\/pages\/9\/revisions\/75"}],"wp:attachment":[{"href":"https:\/\/www.fgcsecurity.com\/viejaweb\/wp-json\/wp\/v2\/media?parent=9"}],"curies":[{"name":"wp","href":"https:\/\/api.w.org\/{rel}","templated":true}]}}